41000992?
False
Is 49 a factor of 7626259032?
False
Is 486 a factor of 522691542?
True
Is 4 a factor of 480207515?
False
Is 76 a factor of 20061780?
False
Is 517415094 a multiple of 1102?
False
Is 366624158 a multiple of 156?
False
Is 1572905610 a multiple of 90?
True
Does 27 divide 33191883?
True
Is 27 a factor of 229183749?
True
Is 212 a factor of 4691303692?
True
Is 160796089 even?
False
Is 6370608 a multiple of 3?
True
Does 23 divide 32373213?
True
Does 27 divide 31933818?
True
Is 24 a factor of 104860704?
True
Is 6129598352 a multiple of 140?
False
Is 1547 a factor of 32893772?
False
Is 85412298 a multiple of 802?
False
Does 3160 divide 106849080?
True
Is 20 a factor of 15923440?
True
Is 489260112 a multiple of 1936?
True
Is 506970252 a multiple of 417?
True
Does 1724 divide 236152244?
False
Is 113433118 a multiple of 82?
False
Is 422319627 a multiple of 142?
False
Does 10 divide 12088170?
True
Is 31 a factor of 214700952?
False
Is 6912880 a multiple of 230?
True
Is 4378 a factor of 1049295716?
False
Is 10840653 a multiple of 52?
False
Is 199 a factor of 6594860?
True
Is 9 a factor of 21819942?
True
Is 429 a factor of 91896519?
True
Is 264 a factor of 9408432?
True
Is 27341515 a multiple of 241?
False
Is 3848742360 a multiple of 72?
True
Does 21 divide 68456346?
True
Is 279343320 a multiple of 408?
True
Is 30 a factor of 329379180?
True
Is 340127090 a multiple of 34?
False
Does 85 divide 784929796?
False
Is 1022373299 a multiple of 4?
False
Is 2707 a factor of 24292618?
True
Is 150729504 a multiple of 96?
True
Is 24 a factor of 58260509?
False
Is 1227 a factor of 44502063?
True
Is 3817898568 a multiple of 33?
True
Does 5 divide 868039465?
True
Is 8445390 a multiple of 985?
True
Does 104 divide 181630176?
True
Is 20 a factor of 8364712?
False
Is 604887784 a multiple of 1048?
True
Is 128 a factor of 14504712?
False
Is 8708352 a multiple of 2176?
True
Does 210 divide 41210610?
True
Is 333420261 a multiple of 7247?
False
Is 1708077888 a multiple of 4968?
True
Is 14 a factor of 2940086880?
False
Is 450 a factor of 18400858?
False
Does 14 divide 3449835209?
False
Is 1005 a factor of 376922361?
False
Is 42188832 a multiple of 5?
False
Does 1420 divide 58768939?
False
Is 72065880 a multiple of 36?
True
Does 5351 divide 21500318?
True
Is 92474550 a multiple of 315?
True
Is 5684224 a multiple of 13?
True
Is 8214002 a multiple of 59?
False
Does 12 divide 232053396?
True
Is 1060 a factor of 213450080?
True
Is 2077 a factor of 709904061?
True
Does 1705 divide 3443270854?
False
Does 24 divide 116702191?
False
Is 21682503 a multiple of 20?
False
Does 609 divide 499156519?
False
Is 1112 a factor of 112050779?
False
Does 17 divide 312660751?
False
Is 5032935 a multiple of 215?
True
Is 40583712 a multiple of 104?
True
Is 8 a factor of 22158172?
False
Does 5 divide 332298656?
False
Is 30659055 a multiple of 228?
False
Is 247847625 a multiple of 151?
True
Is 155730384 a multiple of 54?
True
Does 3 divide 99787835?
False
Does 5192 divide 2445467693?
False
Does 1616 divide 753817136?
True
Is 791737158 a multiple of 102?
True
Is 55531460 a multiple of 709?
False
Does 274 divide 24169266?
True
Is 33 a factor of 1787857929?
True
Is 199 a factor of 520186381?
False
Is 2 a factor of 30097505?
False
Is 1798 a factor of 206045406?
True
Is 657 a factor of 26563075?
False
Is 22 a factor of 35669427?
False
Is 34 a factor of 99073647?
False
Is 1551 a factor of 197906049?
True
Does 2 divide 93163982?
True
Is 11 a factor of 223678840?
True
Is 76 a factor of 55882926?
False
Does 84 divide 152169648?
False
Does 37 divide 30860019?
False
Is 398 a factor of 11725876?
True
Is 47 a factor of 435440841?
False
Is 68 a factor of 85766477?
False
Is 104391040 a multiple of 29?
False
Is 1113925020 a multiple of 39?
True
Is 8569324 a multiple of 173?
False
Does 9 divide 311113323?
True
Is 583 a factor of 663944303?
True
Is 19755509 a multiple of 16?
False
Is 379176534 a multiple of 762?
True
Does 557 divide 1471146729?
True
Does 679 divide 1865825458?
True
Is 1050 a factor of 687948450?
True
Does 14489 divide 5356452899?
True
Is 72 a factor of 23159808?
True
Is 335 a factor of 390946340?
True
Is 89821933 a multiple of 667?
False
Does 4906 divide 1055220054?
False
Is 1121 a factor of 1299254427?
False
Does 282 divide 14209416?
True
Is 31 a factor of 20091966?
False
Does 51 divide 419536659?
True
Is 27 a factor of 159487123?
False
Is 459600836 a multiple of 49?
False
Does 3214 divide 961613768?
False
Is 89286056 a multiple of 230?
False
Is 3635841789 a multiple of 14477?
False
Is 89 a factor of 28518359?
True
Does 3058 divide 1346948086?
True
Is 6729 a factor of 541166367?
True
Is 10 a factor of 84627587?
False
Is 1754181736 a multiple of 1935?
False
Is 2908 a factor of 103295728?
False
Is 7974037 a multiple of 17?
True
Does 810 divide 16610940?
False
Is 117858633 a multiple of 65?
False
Does 370 divide 288045370?
True
Does 13 divide 60427023?
False
Is 39 a factor of 28834733?
False
Is 34 a factor of 321590666?
True
Is 7015578 a multiple of 3?
True
Does 17 divide 856165254?
True
Is 40 a factor of 466388201?
False
Is 18 a factor of 350600868?
True
Is 92 a factor of 60946236?
False
Is 65027601 a multiple of 391?
True
Does 635 divide 206015592?
False
Is 3789088 a multiple of 7?
False
Is 305120501 a multiple of 69?
False
Is 203399020 a multiple of 110?
True
Is 8268477 a multiple of 25?
False
Is 5 a factor of 18747981?
False
Is 626819512 a multiple of 136?
True
Does 3416 divide 898594827?
False
Does 21 divide 150622225?
False
Does 1240 divide 225100920?
True
Does 39 divide 10854912?
False
Is 24 a factor of 38053076?
False
Does 1662 divide 210783150?
True
Is 90 a factor of 115152480?
True
Is 42764211 a multiple of 63?
True
Is 897 a factor of 37904529?
True
Is 140390889 a multiple of 392?
False
Is 342 a factor of 216332100?
True
Is 15 a factor of 362429440?
False
Does 55 divide 28245525?
True
Is 4408 a factor of 630962018?
False
Is 12626560 a multiple of 640?
True
Is 8967266 a multiple of 541?
False
Is 104223743 a multiple of 4256?
False
Is 2 a factor of 25877183?
False
Does 24 divide 776781576?
True
Is 94507180 a multiple of 13?
False
Is 83634327 a multiple of 798?
False
Does 15 divide 663025005?
True
Does 482 divide 13797250?
True
Is 375278778 a multiple of 63?
True
Is 17 a factor of 287988225?
False
Is 67 a factor of 31499483?
False
Does 28 divide 12360152?
True
Is 855 a factor of 20727895?
False
Is 31017702 a multiple of 702?
False
Does 2523 divide 333635199?
False
Is 65037225 a multiple of 11?
True
Is 1511 a factor of 767468631?
True
Is 286896168 a multiple of 27?
True
Is 11712263 a multiple of 101?
True
Is 254 a factor of 173325202?
False
Is 8928164 a multiple of 28?
True
Does 34 divide 143744382?
False
Is 13878549 a multiple of 307?
True
Is 458 a factor of 58721554?
True
Is 44 a factor of 6642860?
False
Does 12 divide 461151440?
False
Does 10515 divide 741475190?
False
Does 7 divide 15954311?
False
Is 36368884 a multiple of 12?
False
Is 1384981587 a multiple of 311?
True
Is 5726 a factor of 336814772?
True
Is 101012208 a multiple of 8?
True
Is 4747 a factor of 994655074?
False
Is 289974202 a multiple of 471?
False
Does 2646 divide 248167560?
False
Does 67 divide 756145384?
True
Is 15 a factor of 405009150?
True
Is 26262000 a multiple of 72?
True
Is 66623675 a multiple of 25?
True
Is 18 a factor of 561073805?
False
Is 608569936 a multiple of 279?
False
Is 617 a factor of 3758783127?
True
Does 101 divide 67162915?
False
Is 39732996 a multiple of 2995?
False
Does 144 divide 36483984?
True
Is 41 a factor of 248246?
False
Is 1389 a factor of 221139912?
True
Does 2426 divide 968558666?
True
Does 18 divide 234915516?
True
Does 2022 divide 4223958?
True
Is 296 a factor of 169795072?
True
Does 12 divide 1195920?
True
Does 12 divide 2549238696?
True
Does 123 divide 49532537?
False
Does 158 divide 103801642?
False
Is 38781720 a multiple of 723?
True
Does 1743 divide 140660100?
True
Does 8 divide 12947688?
True
Does 538 divide 63386084?
True
Is 7 a factor of 18813125?
False
Is 680277307 a multiple of 61?
True
Is 260 a factor of 32758796?
False
Is 73218454 a multiple of 14?
False
Does 490 divide 1003370060?
True
Is 5941 a factor of 852999702?
False
Does 102 divide 340220057?
False
Is 3 a factor 